{"id":320,"date":"2024-01-10T21:43:26","date_gmt":"2024-01-10T20:43:26","guid":{"rendered":"https:\/\/sevenaudio.eu\/?page_id=320"},"modified":"2024-04-15T23:27:02","modified_gmt":"2024-04-15T21:27:02","slug":"regulamin","status":"publish","type":"page","link":"https:\/\/sevenaudio.eu\/?page_id=320","title":{"rendered":"Regulamin"},"content":{"rendered":"<p>Sklep internetowy dzia\u0142aj\u0105cy pod adresem: https:\/\/sevenaudio.eu\/<\/p><p>prowadzony jest przez \u0141ukasza Spoczy\u0144skiego dzia\u0142aj\u0105cego pod adresem:<\/p><div class=\"wp-block-group is-vertical is-layout-flex wp-container-core-group-is-layout-8cf370e7 wp-block-group-is-layout-flex\"><p>ul. Lipowa 4, 84-300 L\u0119bork<\/p>\n\n<p>adres do korespondencji elektronicznej:&nbsp;sevenaudioltd@gmail.com<\/p>\n\n<p>NIP 8411720823<\/p>\n\n<p>REGON 367314010 <\/p>\n\n<p class=\"has-medium-font-size\">Konto bankowe: <\/p>\n\n<p class=\"has-small-font-size\">PLN &#8211; PL56 2490 0005 0000 4530 5189 5044<\/p>\n\n<p class=\"has-small-font-size\">EUR &#8211; PL37 2490 1057 0000 9902 7971&nbsp;5635<\/p>\n\n<p class=\"has-small-font-size\">\u2013 zwanego dalej w tre\u015bci regulaminu Sprzedawc\u0105.<\/p>\n\n<p><\/p><\/div><p><\/p><p><strong>\u00a7 1 Postanowienia og\u00f3lne<\/strong><\/p><p>Niniejszy Regulamin okre\u015bla zasady korzystania ze sklepu internetowego dost\u0119pnego pod adresem <a href=\"https:\/\/sevenaudio.eu\/\">hhttps:\/\/sevenaudio.eu\/<\/a> i jest regulaminem, o kt\u00f3rym mowa w art. 8 Ustawy o \u015bwiadczeniu us\u0142ug drog\u0105 elektroniczn\u0105.<\/p><p>Dokonanie zakupu w sklepie internetowym pod adresem <a href=\"http:\/\/www.sevenaudio.eu\">https:\/\/sevenaudio.eu\/<\/a> jest jednoznaczne z akceptacj\u0105 Regulaminu Sklepu znajduj\u0105cego si\u0119 pod zak\u0142adk\u0105 REGULAMIN. <\/p><p><strong>Niniejszy Regulamin okre\u015bla w szczeg\u00f3lno\u015bci:<\/strong><\/p><div class=\"wp-block-group is-vertical is-layout-flex wp-container-core-group-is-layout-8cf370e7 wp-block-group-is-layout-flex\"><p>1) warunki i zasady dokonywania rejestracji oraz sk\u0142adania drog\u0105 elektroniczn\u0105 zam\u00f3wie\u0144 w ramach sklepu internetowego;<\/p>\n\n<p>2) zasady zawierania um\u00f3w sprzeda\u017cy z wykorzystaniem us\u0142ug \u015bwiadczonych w ramach sklepu internetowego.<\/p>\n\n<p>3) procedury reklamacji i odst\u0105pienia od umowy.<\/p><\/div><p>Klient mo\u017ce uzyska\u0107 dost\u0119p do Regulaminu w ka\u017cdym czasie za po\u015brednictwem odsy\u0142acza zamieszczonego na stronie g\u0142\u00f3wnej serwisu <a href=\"https:\/\/sevenaudio.eu\/\">https:\/\/sevenaudio.eu\/<\/a> oraz pobra\u0107 go i sporz\u0105dzi\u0107 jego wydruk. Strony zwi\u0105zane s\u0105 wersj\u0105 Regulaminu obowi\u0105zuj\u0105c\u0105 w momencie z\u0142o\u017cenia zam\u00f3wienia, ewentualne zmiany w Regulaminie nie kszta\u0142tuj\u0105 praw konsumenta wynikaj\u0105cych z zam\u00f3wie\u0144 z\u0142o\u017conych przed wprowadzeniem zmian.<\/p><p>Klient zobowi\u0105zany jest do korzystania ze sklepu internetowego w spos\u00f3b zgodny z przepisami obowi\u0105zuj\u0105cego na terytorium Rzeczypospolitej Polskiej prawa, postanowieniami Regulaminu, a tak\u017ce z og\u00f3lnymi zasadami korzystania z sieci Internet. Zabronione jest dostarczanie tre\u015bci o charakterze bezprawnym, np. tre\u015bci propaguj\u0105cych przemoc, znies\u0142awiaj\u0105cych lub naruszaj\u0105cych dobra osobiste i inne prawa os\u00f3b trzecich.<\/p><p><strong>\u00a7 2 Oferta<\/strong><\/p><p>Nabywc\u0105 mo\u017ce by\u0107 osoba fizyczna zdolna do czynno\u015bci prawnych lub osoba prawna.<\/p><p>Informacje o towarach podane na stronach internetowych sklepu, w szczeg\u00f3lno\u015bci ich opisy, parametry techniczne i u\u017cytkowe oraz ceny, stanowi\u0105 zaproszenie do zawarcia umowy w rozumieniu art. 71 Kodeksu Cywilnego i nie stanowi\u0105 oferty w rozumieniu art. 66 Kodeksu Cywilnego. <\/p><p>Ceny Towar\u00f3w podawane s\u0105 w z\u0142otych polskich i zawieraj\u0105 wszystkie sk\u0142adniki, w tym podatek VAT, c\u0142a oraz wszelkie inne sk\u0142adniki. Ceny nie zawieraj\u0105 koszt\u00f3w dostawy. <\/p><p><strong>\u00a7 3 Procedura zawarcia umowy sprzeda\u017cy<\/strong><\/p><p>Zam\u00f3wienie mo\u017cna z\u0142o\u017cy\u0107 korzystaj\u0105c z formularza na stronie <a href=\"https:\/\/sevenaudio.eu\/\">https:\/\/sevenaudio.eu\/<\/a>  lub poczt\u0105 elektroniczn\u0105: sevenaudioltd@gmail.com 24 h na dob\u0119, w ka\u017cdym dniu tygodnia. Wyb\u00f3r zamawianych towar\u00f3w przez Klienta jest dokonywany poprzez dodanie ich do koszyka. W trakcie sk\u0142adania zam\u00f3wienia Klient ma mo\u017cliwo\u015b\u0107 modyfikacji wprowadzonych danych. W tym celu nale\u017cy kierowa\u0107 si\u0119 wy\u015bwietlanymi komunikatami oraz informacjami dost\u0119pnymi na stronie.<\/p><p>Po podaniu przez Klienta korzystaj\u0105cego ze sklepu internetowego wszystkich niezb\u0119dnych danych, wy\u015bwietlone zostanie podsumowanie z\u0142o\u017conego zam\u00f3wienia. Podsumowanie z\u0142o\u017conego zam\u00f3wienia b\u0119dzie zawiera\u0107 informacje dotycz\u0105ce:<\/p><div class=\"wp-block-group is-vertical is-layout-flex wp-container-core-group-is-layout-8cf370e7 wp-block-group-is-layout-flex\"><p>1) przedmiotu zam\u00f3wienia,<\/p>\n\n<p>2) jednostkowej oraz \u0142\u0105cznej ceny zamawianych produkt\u00f3w lub us\u0142ug, w tym koszt\u00f3w dostawy oraz dodatkowych koszt\u00f3w (je\u015bli wyst\u0119puj\u0105),<\/p>\n\n<p>3) wybranej metody p\u0142atno\u015bci<\/p><\/div><p>Wys\u0142ane przez Klienta zam\u00f3wienie stanowi o\u015bwiadczenie woli zawarcia umowy sprzeda\u017cy.<\/p><p>Zam\u00f3wienie potwierdzane jest przez Sprzedawc\u0119 telefonicznie lub poczt\u0105 elektroniczn\u0105 w ci\u0105gu 24 godzin w dni robocze.<\/p><p>Umow\u0119 uwa\u017ca si\u0119 za zawart\u0105 z momentem potwierdzenia, o kt\u00f3rym mowa powy\u017cej.<\/p><p>Umowa sprzeda\u017cy zawierana jest w j\u0119zyku polskim lub j\u0119zyku angielskim, o tre\u015bci zgodnej z Regulaminem.<\/p><p>Utrwalenie, zabezpieczenie, udost\u0119pnienie oraz potwierdzenie Klientowi istotnych postanowie\u0144 umowy nast\u0119puje poprzez do\u0142\u0105czenie do przesy\u0142ki zawieraj\u0105cej towar wydruku potwierdzenia, specyfikacji zam\u00f3wienia oraz dokumentu sprzeda\u017cy. <\/p><p><strong>\u00a7 4 Metody p\u0142atno\u015bci i dostawa<\/strong><\/p><p>Klient ma mo\u017cliwo\u015b\u0107 uiszczenia ceny:<\/p><div class=\"wp-block-group is-vertical is-layout-flex wp-container-core-group-is-layout-8cf370e7 wp-block-group-is-layout-flex\"><p>1) za pobraniem \u2013 got\u00f3wk\u0105 przy odbiorze towaru od kuriera.<\/p>\n\n<p>2) przelewem na numer konta bankowego: Alior PL56 2490 0005 0000 4530 5189 5044 <\/p><\/div><p>Zam\u00f3wienie jest realizowane po wp\u0142ywie podanej w potwierdzeniu zam\u00f3wienia kwoty na konto.<\/p><p>Oferowany towar dostarczamy na terenie ca\u0142ej Polski oraz za granic\u0105 przez firm\u0119 kuriersk\u0105.<\/p><p>Termin dostawy wynosi maksymalnie 30 dni. W przypadku, gdy w chwili z\u0142o\u017cenia zam\u00f3wienia w magazynie Sprzedawcy znajduje si\u0119 zamawiany produkt, termin dostawy wynosi maksymalnie 15 dni roboczych. W przypadku zam\u00f3wie\u0144 na produkty wykonywane na indywidualne zam\u00f3wienie termin dostawy jest ustalany z kupuj\u0105cym. Op\u0142aty za dostaw\u0119 s\u0105 naliczane indywidualnie dla ka\u017cdego towaru i wyszczeg\u00f3lniane w trakcie sk\u0142adania zam\u00f3wienia. Podczas odbioru przesy\u0142ki przez Klienta ma on prawo sprawdzi\u0107 kompletno\u015b\u0107 zawarto\u015bci przesy\u0142ki i w przypadku stwierdzenia uszkodzenia mechanicznego lub niekompletno\u015bci zawarto\u015bci przesy\u0142ki powinien we w\u0142asnym interesie spisa\u0107 protok\u00f3\u0142 szkody w obecno\u015bci kuriera. Protok\u00f3\u0142 powinien by\u0107 sporz\u0105dzony w dw\u00f3ch jednobrzmi\u0105cych egzemplarzach i podpisany przez kuriera oraz Klienta. Po sporz\u0105dzeniu protoko\u0142u nale\u017cy przes\u0142a\u0107 informacj\u0119 o zaistnia\u0142ej sytuacji mo\u017cliwie jak najpr\u0119dzej na adres e-mail&nbsp;<a href=\"mailto:biuro@mega-acoustic.pl\">sevenaudioltd@gmail.com<\/a>. Sporz\u0105dzenie protoko\u0142u przyspieszy i u\u0142atwi proces reklamacji szkody transportowej. Zgodnie z art. 76 prawa przewozowego: Przyj\u0119cie przesy\u0142ki przez uprawnionego bez zastrze\u017ce\u0144 powoduje wyga\u015bni\u0119cie roszcze\u0144 z tytu\u0142u ubytku lub uszkodzenia, chyba \u017ce:<\/p><div class=\"wp-block-group is-vertical is-layout-flex wp-container-core-group-is-layout-8cf370e7 wp-block-group-is-layout-flex\"><p>1) szkod\u0119 stwierdzono protokolarnie przed przyj\u0119ciem przesy\u0142ki przez uprawnionego,<\/p>\n\n<p>2) zaniechano takiego stwierdzenia z winy przewo\u017anika,<\/p>\n\n<p>3) ubytek lub uszkodzenie wynik\u0142o z winy umy\u015blnej lub ra\u017c\u0105cego niedbalstwa&nbsp;przewo\u017anika,<\/p>\n\n<p>4) szkod\u0119 nie daj\u0105c\u0105 si\u0119 z zewn\u0105trz zauwa\u017cy\u0107 uprawniony stwierdzi\u0142 po przyj\u0119ciu<\/p>\n\n<p>przesy\u0142ki i w terminie 7 dni za\u017c\u0105da\u0142 ustalenia jej stanu oraz udowodni\u0142, \u017ce<\/p>\n\n<p>szkoda powsta\u0142a w czasie mi\u0119dzy przyj\u0119ciem przesy\u0142ki do przewozu a jej wydaniem.<\/p><\/div><p><strong>\u00a7 5 Procedury reklamacji i odst\u0105pienia od umowy<\/strong><\/p><p>Reklamacja<\/p><p>Opis procedury reklamacyjnej:<\/p><ol class=\"wp-block-list\"><li>Kupuj\u0105cy mo\u017ce sk\u0142ada\u0107 Sprzedawcy reklamacje dotycz\u0105ce zawartej Umowy pod adresem e-mail:&nbsp;sevenaudioltd@gmail.com, lub w formie pisemnej na adres Sprzedawcy. Poprawnie z\u0142o\u017cona reklamacja powinna zawiera\u0107 co najmniej:<ul class=\"wp-block-list\"><li>imi\u0119, nazwisko, adres, adres e-mail Kupuj\u0105cego,<\/li>\n\n<li>dat\u0119 zawarcia Umowy stanowi\u0105cej podstaw\u0119 reklamacji,<\/li>\n\n<li>przedmiot reklamacji, ze wskazaniem \u017c\u0105dania Kupuj\u0105cego,<\/li>\n\n<li>wszelkie okoliczno\u015bci uzasadniaj\u0105ce reklamacj\u0119.<\/li><\/ul><\/li>\n\n<li>Je\u017celi podane w reklamacji dane lub informacje wymagaj\u0105 uzupe\u0142nienia, przed rozpatrzeniem reklamacji Sprzedaj\u0105cy zwraca si\u0119 do sk\u0142adaj\u0105cego reklamacj\u0119 o jej uzupe\u0142nienie we wskazanym zakresie.<\/li>\n\n<li>Sprzedaj\u0105cy rozpoznaje reklamacj\u0119 w terminie 14 dni od daty jej otrzymania w prawid\u0142owej postaci.<\/li>\n\n<li>Odpowied\u017a na reklamacj\u0119 wysy\u0142ana jest na podany przez Kupuj\u0105cego adres e-mail b\u0105d\u017a na adres poczty tradycyjnej.<\/li><\/ol><p><strong>Odst\u0105pienie od UMOWY:<\/strong><\/p><p>Prawo konsumenta do odst\u0105pienia od umowy:<\/p><p>W ci\u0105gu 14 dni od otrzymania nabytej rzeczy lub \u2013 w przypadku us\u0142ug \u2013 zawarcia umowy, Kupuj\u0105cy (konsument) mo\u017ce odst\u0105pi\u0107 od umowy bez podawania jakiejkolwiek przyczyny. W takim przypadku Sprzedaj\u0105cy zwr\u00f3ci wszystkie otrzymane od Kupuj\u0105cego p\u0142atno\u015bci.<\/p><p>Aby odst\u0105pi\u0107 od umowy zawartej na stronie <a href=\"http:\/\/www.sevenaudio.eu\" data-type=\"link\" data-id=\"www.sevenaudio.eu\">www.sevenaudio.eu<\/a>, nale\u017cy z\u0142o\u017cy\u0107 Sprzedaj\u0105cemu stosowne o\u015bwiadczenie woli, pisz\u0105c na adres e-mail: sevenaudioltd@gmail.com&nbsp;. Kupuj\u0105cy mo\u017ce skorzysta\u0107 ze wzoru odst\u0105pienia od umowy, podanego poni\u017cej. Przesy\u0142k\u0119 nale\u017cy nada\u0107 na adres:<\/p><div class=\"wp-block-group is-vertical is-layout-flex wp-container-core-group-is-layout-8cf370e7 wp-block-group-is-layout-flex\"><p>Seven Audio \u0141ukasz Spoczy\u0144ski<\/p>\n\n<p>ul. Lipowa 4<\/p>\n\n<p>84-300 L\u0119bork<\/p><\/div><p>Wz\u00f3r o\u015bwiadczenia o odst\u0105pieniu od umowy (o\u015bwiadczenie to nale\u017cy wype\u0142ni\u0107 i odes\u0142a\u0107 tylko w przypadku ch\u0119ci odst\u0105pienia od umowy):<\/p><p>[adres sprzedaj\u0105cego]<br><em><strong>Ja<\/strong><\/em><em>&nbsp;[imi\u0119, nazwisko kupuj\u0105cego]&nbsp;<\/em><em><strong>niniejszym informuj\u0119 o moim odst\u0105pieniu od umowy sprzeda\u017cy nast\u0119puj\u0105cych rzeczy<\/strong><\/em><em>: [nazwy kupionych przedmiot\u00f3w]<\/em><em><br><\/em><em><strong>Data zawarcia umowy to<\/strong><\/em><em>&nbsp;[data],&nbsp;<\/em><em><strong>data odbioru przedmiot\u00f3w<\/strong><\/em><em>&nbsp;[data] .<br><\/em><em><strong>Imi\u0119 i nazwisko<\/strong><\/em><em>: [imi\u0119 i nazwisko kupuj\u0105cego]<\/em><em><br><\/em><em><strong>Adres<\/strong><\/em><em>: [adres kupuj\u0105cego]<br><\/em><em><strong>Data<\/strong><\/em><em>: [data odst\u0105pienia od umowy]<br><\/em><em><strong>Podpis<\/strong><\/em><em>: [tylko je\u017celi formularz jest wysy\u0142any w wersji papierowej]<\/em><\/p><p>Koszt zwrotu rzeczy w przypadku odst\u0105pienia od umowy ponosi kupuj\u0105cy. Sprzedaj\u0105cy nie zwraca koszt\u00f3w dostawy przy odst\u0105pieniu od umowy. <\/p><p>Brak odst\u0105pienia od umowy:<\/p><p>Prawo odst\u0105pienia od umowy zawartej w ramach sklepu nie przys\u0142uguje Kupuj\u0105cemu (konsumentowi) w odniesieniu do um\u00f3w:<\/p><ul class=\"wp-block-list\"><li>o \u015bwiadczenie us\u0142ug, je\u017celi przedsi\u0119biorca wykona\u0142 w pe\u0142ni us\u0142ug\u0119 za wyra\u017an\u0105 zgod\u0105 konsumenta, kt\u00f3ry zosta\u0142 poinformowany przed rozpocz\u0119ciem \u015bwiadczenia, \u017ce po spe\u0142nieniu \u015bwiadczenia przez przedsi\u0119biorc\u0119 utraci prawo odst\u0105pienia od umowy;<\/li>\n\n<li>w kt\u00f3rej cena lub wynagrodzenie zale\u017cy od waha\u0144 na rynku finansowym, nad kt\u00f3rymi przedsi\u0119biorca nie sprawuje kontroli, i kt\u00f3re mog\u0105 wyst\u0105pi\u0107 przed up\u0142ywem terminu do odst\u0105pienia od umowy;<\/li>\n\n<li>w kt\u00f3rej przedmiotem \u015bwiadczenia jest rzecz nieprefabrykowana, wyprodukowana wed\u0142ug specyfikacji konsumenta lub s\u0142u\u017c\u0105ca zaspokojeniu jego zindywidualizowanych potrzeb;<\/li>\n\n<li>w kt\u00f3rej przedmiotem \u015bwiadczenia jest rzecz ulegaj\u0105ca szybkiemu zepsuciu lub maj\u0105ca kr\u00f3tki termin przydatno\u015bci do u\u017cycia;<\/li>\n\n<li>w kt\u00f3rej przedmiotem \u015bwiadczenia jest rzecz dostarczana w zapiecz\u0119towanym opakowaniu, kt\u00f3rej po otwarciu opakowania nie mo\u017cna zwr\u00f3ci\u0107 ze wzgl\u0119du na ochron\u0119 zdrowia lub ze wzgl\u0119d\u00f3w higienicznych, je\u017celi opakowanie zosta\u0142o otwarte po dostarczeniu;<\/li>\n\n<li>w kt\u00f3rej przedmiotem \u015bwiadczenia s\u0105 rzeczy, kt\u00f3re po dostarczeniu, ze wzgl\u0119du na sw\u00f3j charakter, zostaj\u0105 nieroz\u0142\u0105cznie po\u0142\u0105czone z innymi rzeczami; <\/li>\n\n<li>w kt\u00f3rej konsument wyra\u017anie \u017c\u0105da\u0142, aby przedsi\u0119biorca do niego przyjecha\u0142 w celu dokonania pilnej naprawy lub konserwacji; je\u017celi przedsi\u0119biorca \u015bwiadczy dodatkowo inne us\u0142ugi ni\u017c te, kt\u00f3rych wykonania konsument \u017c\u0105da\u0142, lub dostarcza rzeczy inne ni\u017c cz\u0119\u015bci zamienne niezb\u0119dne do wykonania naprawy lub konserwacji, prawo odst\u0105pienia od umowy przys\u0142uguje konsumentowi w odniesieniu do dodatkowych us\u0142ug lub rzeczy; <\/li>\n\n<li>zawartej w drodze aukcji publicznej; <\/li>\n\n<li>o dostarczanie tre\u015bci cyfrowych, kt\u00f3re nie s\u0105 zapisane na no\u015bniku materialnym, je\u017celi spe\u0142nianie \u015bwiadczenia rozpocz\u0119\u0142o si\u0119 za wyra\u017an\u0105 zgod\u0105 konsumenta przed up\u0142ywem terminu do odst\u0105pienia od umowy i po poinformowaniu go przez przedsi\u0119biorc\u0119 o utracie prawa odst\u0105pienia od umowy.<\/li><\/ul><p>Mo\u017cliwo\u015b\u0107 skorzystania z pozas\u0105dowych sposob\u00f3w rozpatrywania reklamacji i dochodzenia roszcze\u0144 oraz dost\u0119p do tych procedur:<\/p><p>Kupuj\u0105cy b\u0119d\u0105cy konsumentem ma mo\u017cliwo\u015b\u0107 skorzystania z pozas\u0105dowego sposobu rozpatrywania reklamacji i dochodzenia roszcze\u0144 przed Sta\u0142ym Polubownym S\u0105dem Konsumenckim przy Wojew\u00f3dzkim Inspektorze Inspekcji Handlowej w [miasto]. Informacje o sposobie dost\u0119pu do ww. trybu i procedur rozstrzygania spor\u00f3w,&nbsp; znajduj\u0105 si\u0119 pod nast\u0119puj\u0105cym adresem:&nbsp;<a href=\"http:\/\/www.uokik.gov.pl\/\">http:\/\/www.uokik.gov.pl<\/a>, w zak\u0142adce \u201eRozstrzyganie spor\u00f3w konsumenckich\u201d.<\/p><p>Dzia\u0142anie sklepu internetowego.<\/p><p>Sprzedawca podejmuje dzia\u0142ania w celu zapewnienia w pe\u0142ni poprawnego dzia\u0142ania Sklepu, w takim zakresie, jaki wynika z aktualnej wiedzy technicznej i zobowi\u0105zuje si\u0119 usun\u0105\u0107 w rozs\u0105dnym terminie wszelkie nieprawid\u0142owo\u015bci zg\u0142oszone przez Klient\u00f3w.<\/p><p>Klient powinien niezw\u0142ocznie powiadomi\u0107 Sprzedawc\u0119 nieprawid\u0142owo\u015bciach lub przerwach w funkcjonowaniu serwisu sklepu internetowego.<\/p><p>Nieprawid\u0142owo\u015bci zwi\u0105zane z funkcjonowaniem sklepu Klient mo\u017ce zg\u0142asza\u0107 drog\u0105 e-mailow\u0105 na adres&nbsp;sevenaudioltd@gmail.com. <\/p><p>Akceptuj\u0105c Regulamin, Klient potwierdza otrzymanie informacji o prawie odst\u0105pienia od umowy.<\/p>","protected":false},"excerpt":{"rendered":"<p>Sklep internetowy dzia\u0142aj\u0105cy pod adresem: https:\/\/sevenaudio.eu\/ prowadzony jest przez \u0141ukasza Spoczy\u0144skiego dzia\u0142aj\u0105cego pod adresem: ul. Lipowa 4, 84-300 L\u0119bork adres do korespondencji elektronicznej:&nbsp;sevenaudioltd@gmail.com NIP 8411720823 REGON 367314010 Konto bankowe: PLN &#8211; PL56 2490 0005 0000 4530 5189 5044 EUR &#8211; PL37 2490 1057 0000 9902 7971&nbsp;5635 \u2013 zwanego dalej w tre\u015bci regulaminu Sprzedawc\u0105. \u00a7 1 &hellip; <\/p>\n<p class=\"link-more\"><a href=\"https:\/\/sevenaudio.eu\/?page_id=320\" class=\"more-link\">Continue reading<span class=\"screen-reader-text\"> &#8220;Regulamin&#8221;<\/span><\/a><\/p>\n","protected":false},"author":1,"featured_media":0,"parent":0,"menu_order":0,"comment_status":"closed","ping_status":"closed","template":"","meta":{"footnotes":""},"class_list":["post-320","page","type-page","status-publish","hentry"],"_links":{"self":[{"href":"https:\/\/sevenaudio.eu\/index.php?rest_route=\/wp\/v2\/pages\/320","targetHints":{"allow":["GET"]}}],"collection":[{"href":"https:\/\/sevenaudio.eu\/index.php?rest_route=\/wp\/v2\/pages"}],"about":[{"href":"https:\/\/sevenaudio.eu\/index.php?rest_route=\/wp\/v2\/types\/page"}],"author":[{"embeddable":true,"href":"https:\/\/sevenaudio.eu\/index.php?rest_route=\/wp\/v2\/users\/1"}],"replies":[{"embeddable":true,"href":"https:\/\/sevenaudio.eu\/index.php?rest_route=%2Fwp%2Fv2%2Fcomments&post=320"}],"version-history":[{"count":7,"href":"https:\/\/sevenaudio.eu\/index.php?rest_route=\/wp\/v2\/pages\/320\/revisions"}],"predecessor-version":[{"id":740,"href":"https:\/\/sevenaudio.eu\/index.php?rest_route=\/wp\/v2\/pages\/320\/revisions\/740"}],"wp:attachment":[{"href":"https:\/\/sevenaudio.eu\/index.php?rest_route=%2Fwp%2Fv2%2Fmedia&parent=320"}],"curies":[{"name":"wp","href":"https:\/\/api.w.org\/{rel}","templated":true}]}}