{"id":518,"date":"2024-01-31T23:42:56","date_gmt":"2024-01-31T22:42:56","guid":{"rendered":"https:\/\/sevenaudio.eu\/?post_type=product&#038;p=518"},"modified":"2024-12-12T02:14:05","modified_gmt":"2024-12-12T01:14:05","slug":"vibro-stand-pro-2","status":"publish","type":"product","link":"https:\/\/sevenaudio.eu\/?product=vibro-stand-pro-2","title":{"rendered":"Vibro Stand Pro"},"content":{"rendered":"<p>Biurkowe \/ sto\u0142owe podstawki pod monitory studyjne, g\u0142o\u015bniki, subwoofer, soundbar, piec gitarowy oraz inny sprz\u0119t graj\u0105cy wymagaj\u0105cy wibroizolacji.<\/p>\n<p>Drgania rezonansowe blat\u00f3w i mebli to cz\u0119ste zjawisko , z kt\u00f3rym borykaj\u0105 si\u0119 zar\u00f3wno in\u017cynierowie d\u017awi\u0119ku, jak i entuzja\u015bci muzyki.<\/p>\n<p>Drgania p\u0142askich powierzchni, na kt\u00f3rych umieszczane s\u0105 g\u0142o\u015bniki potrafi\u0105 selektywnie wzbudza\u0107 jak i t\u0142umi\u0107 d\u017awi\u0119k znacznie wp\u0142ywaj\u0105c na odbi\u00f3r g\u0142\u00f3wnie niskich cz\u0119stotliwo\u015bci. Blat biurka jest dla g\u0142o\u015bnika bez izolacji u podstawy niczym przed\u0142u\u017cenie jego obudowy i w znacznym stopniu wp\u0142ywa na charakterystyk\u0119 brzmienia ca\u0142ego systemu.<\/p>\n<p><b>Vibro Stand Pro\u00a0<\/b>wykorzystuje 2 zjawiska fizyczne do t\u0142umienia drga\u0144:\u00a0<b>materia\u0142 antywibracyjny<\/b>\u00a0o odpowiedniej spr\u0119\u017cysto\u015bci oraz\u00a0<b>du\u017c\u0105 mas\u0119 fundamentu<\/b>, czyli podstawowe rozwi\u0105zania stosowane zar\u00f3wno w akustyce jak i w budownictwie. Mata t\u0142umi wi\u0119kszo\u015b\u0107 drga\u0144 ma\u0142ej mocy i utrzymuje g\u0142o\u015bnik\u00a0<b>stabilnie<\/b>\u00a0w miejscu, natomiast\u00a0<b>masa podstawki\u00a0<\/b>przejmuje\u00a0<b>drgania o wi\u0119kszej energii<\/b>, zwykle\u00a0<b>niskich ton\u00f3w.<\/b><\/p>\n<p>Fundamentem<b>\u00a0Vibro Stand Pro<\/b>\u00a0jest kilka warstw sklejonej p\u0142yty meblowej wysokiej jako\u015bci.\u00a0Materia\u0142 ten ma cechy\u00a0<b>antyrezonansowe<\/b>. Udowodniono, \u017ce jego<b>\u00a0s<\/b><b>truktura zdecydowanie s\u0142abiej przenosi drgania ni\u017c lite drewno. pomagaj\u0105c w ten spos\u00f3b w izolacji obudowy g\u0142o\u015bnika od powierzchni mebli.\u00a0<\/b>Z tego te\u017c wzgl\u0119du, dla zachowania neutralno\u015bci brzmienia, g\u0142o\u015bniki i urz\u0105dzenia audio nie powinny sta\u0107 bezpo\u015brednio na litych, drewnianych blatach biurek, sto\u0142\u00f3w i szafek. Jest to jeden z nielicznych przypadk\u00f3w, gdy materia\u0142 drewnopochodny jest lepszy od naturalnego.<\/p>\n<p>Kolumny mo\u017cna odchyli\u0107 od pionu przyklejaj\u0105c na jednym ko\u0144cu podstawki n\u00f3\u017cki o mniejszej\/wi\u0119kszej wysoko\u015bci ni\u017c standardowe.<\/p>\n<p><b>Podstawki g\u0142o\u015bnikowe Vibro Stand Pro:<\/b><\/p>\n<ul>\n<li><b>Eliminuj\u0105 przenoszenie drga\u0144<\/b> na blat biurka.<\/li>\n<li>Pomagaj\u0105 w zachowaniu\u00a0<b>neutralnego<\/b>, zaprojektowanego przez producent\u00f3w kolumn\u00a0<b>brzmienia<\/b><\/li>\n<li>Nowoczesny, elastyczny materia\u0142 <b>VibroPad 10 mm<\/b> zapewnia zdecydowanie lepsz\u0105 izolacj\u0119 ni\u017c pianka poliuretanowa czy guma kauczukowa, skutecznie niweluje rezonanse, a jednocze\u015bnie bardzo stabilne trzyma kolumn\u0119 na miejscu<\/li>\n<li>Fundamentem jest <b>masywna i solidnie wykonana<\/b> podstawa w dekorze d\u0119bowym.<\/li>\n<li>Obrze\u017ca \u2013 wyko\u0144czone estetycznym <b>2 mm<\/b> tworzywem <b>PCV<\/b> (charakteryzuj\u0105cym si\u0119 du\u017c\u0105 wytrzyma\u0142o\u015bci\u0105 mechaniczn\u0105 i chemiczn\u0105)<\/li>\n<li><b>Gumowe n\u00f3\u017cki<\/b> zapobiegaj\u0105 przesuwaniu podstawy oraz dodatkowo niweluj\u0105 drgania.<\/li>\n<li>Podstawa o rozmiarze: <b>210 x 210 mm<\/b><\/li>\n<li>Dost\u0119pne w 6 kolorach<\/li>\n<\/ul>\n<p><b>Dost\u0119pne w 3 wysoko\u015bciach:<\/b><\/p>\n<p>v1 &#8211; 210x210x54 mm \/ 0,65 kg \/ 149 z\u0142<\/p>\n<p>v2 &#8211; 210x210x90 mm \/ 1,25 kg \/ 189 z\u0142<\/p>\n<p>v3 &#8211; 210x210x126 mm \/ 1,85 kg \/ 229 z\u0142<\/p>\n<p>Pasuj\u0105 do wi\u0119kszo\u015bci najpopularniejszych monitor\u00f3w ods\u0142uchowych z g\u0142o\u015bnikiem 5&#8243; , m.in.:<\/p>\n<p>JBL 305P KRK Rokit RP5 Yamaha HS5 Presonus Eris E5 Neumann KH 120 A M-Audio BX5 D3 Adam A4V EVE audio SC205 Focal Shape 40 50 Auratone C5 Cube<\/p>\n<p>Podstawki sprawdzaj\u0105 si\u0119 r\u00f3wnie\u017c jako stabilna podstawa pod monitor LCD, amplituner itd.<\/p>\n<p>Istnieje mo\u017cliwo\u015b\u0107 wykonania podstawy <b>na wymiar.<\/b><\/p>\n","protected":false},"excerpt":{"rendered":"<p>Podstawki g\u0142o\u015bnikowe Vibro Stand Pro<\/p>\n<p>Eliminuj\u0105 przenoszenie drga\u0144 na blat biurka.<br \/>\nPomagaj\u0105 w zachowaniu\u00a0neutralnego, zaprojektowanego przez producent\u00f3w kolumn\u00a0brzmienia<br \/>\nNowoczesny, elastyczny materia\u0142 VibroPad 10 mm zapewnia zdecydowanie lepsz\u0105 izolacj\u0119 ni\u017c pianka poliuretanowa czy guma kauczukowa, skutecznie niweluje rezonanse, a jednocze\u015bnie bardzo stabilne trzyma kolumn\u0119 na miejscu<br \/>\nFundamentem jest masywna i solidnie wykonana podstawa w dekorze d\u0119bowym.<br \/>\nObrze\u017ca \u2013 wyko\u0144czone estetycznym 2 mm tworzywem PCV (charakteryzuj\u0105cym si\u0119 du\u017c\u0105 wytrzyma\u0142o\u015bci\u0105 mechaniczn\u0105 i chemiczn\u0105)<br \/>\nGumowe n\u00f3\u017cki zapobiegaj\u0105 przesuwaniu podstawy oraz dodatkowo niweluj\u0105 drgania.<br \/>\nPodstawa o rozmiarze: 210 x 210 mm.<br \/>\nDost\u0119pne w 6 kolorach.<\/p>\n","protected":false},"featured_media":541,"comment_status":"open","ping_status":"closed","template":"","meta":[],"product_brand":[],"product_cat":[25],"product_tag":[],"class_list":{"0":"post-518","1":"product","2":"type-product","3":"status-publish","4":"has-post-thumbnail","6":"product_cat-statywy","7":"product_shipping_class-vibro-stand-pro","9":"first","10":"instock","11":"shipping-taxable","12":"purchasable","13":"product-type-variable","14":"has-default-attributes"},"_links":{"self":[{"href":"https:\/\/sevenaudio.eu\/index.php?rest_route=\/wp\/v2\/product\/518","targetHints":{"allow":["GET"]}}],"collection":[{"href":"https:\/\/sevenaudio.eu\/index.php?rest_route=\/wp\/v2\/product"}],"about":[{"href":"https:\/\/sevenaudio.eu\/index.php?rest_route=\/wp\/v2\/types\/product"}],"replies":[{"embeddable":true,"href":"https:\/\/sevenaudio.eu\/index.php?rest_route=%2Fwp%2Fv2%2Fcomments&post=518"}],"wp:featuredmedia":[{"embeddable":true,"href":"https:\/\/sevenaudio.eu\/index.php?rest_route=\/wp\/v2\/media\/541"}],"wp:attachment":[{"href":"https:\/\/sevenaudio.eu\/index.php?rest_route=%2Fwp%2Fv2%2Fmedia&parent=518"}],"wp:term":[{"taxonomy":"product_brand","embeddable":true,"href":"https:\/\/sevenaudio.eu\/index.php?rest_route=%2Fwp%2Fv2%2Fproduct_brand&post=518"},{"taxonomy":"product_cat","embeddable":true,"href":"https:\/\/sevenaudio.eu\/index.php?rest_route=%2Fwp%2Fv2%2Fproduct_cat&post=518"},{"taxonomy":"product_tag","embeddable":true,"href":"https:\/\/sevenaudio.eu\/index.php?rest_route=%2Fwp%2Fv2%2Fproduct_tag&post=518"}],"curies":[{"name":"wp","href":"https:\/\/api.w.org\/{rel}","templated":true}]}}