{"id":873,"date":"2024-10-23T04:02:00","date_gmt":"2024-10-23T02:02:00","guid":{"rendered":"https:\/\/sevenaudio.eu\/?post_type=product&#038;p=873"},"modified":"2025-09-30T19:27:34","modified_gmt":"2025-09-30T17:27:34","slug":"diffuser-wood-pro-cinema-1d-n7","status":"publish","type":"product","link":"https:\/\/sevenaudio.eu\/?product=diffuser-wood-pro-cinema-1d-n7","title":{"rendered":"Diffuser Pro Cinema"},"content":{"rendered":"<p>Wysokiej jako\u015bci dyfuzor akustyczny Schroedera typu 1D N7 &#8211; panel rozpraszaj\u0105cy fale d\u017awi\u0119kowe. Forma pozwalaj\u0105ca na r\u00f3\u017cnorodne zastosowania akustyczne w pomieszczeniach wymagaj\u0105cych najwy\u017cszej jako\u015bci akustyki oraz atrakcyjnego wygl\u0105du<\/p>\n<p><b>Wiele opcji konfiguracji i zastosowa\u0144:<\/b><\/p>\n<ul>\n<li>P\u0142aski monta\u017c bezpo\u015brednio na tylnej lub przedniej \u015bcianie &#8211;\u00a0 rozpraszanie d\u017awi\u0119ku 614- 4300 Hz<\/li>\n<li>Monta\u017c z zachowaniem r\u00f3\u017cnych odleg\u0142o\u015bci od \u015bciany w odpowiedniej sekwencji &#8211; rozszerzona w dolnym pa\u015bmie funkcja rozpraszania d\u017awi\u0119ku<\/li>\n<li>Monta\u017c na podkonstrukcji drewnianej z we\u0142n\u0105 mineraln\u0105 &#8211; funkcja dolnopasmowego, poch\u0142aniaj\u0105cego ustroju akustycznego z rozpraszaniem \u015bredniego i wysokiego pasma. Konstrukcje \u015bcienne w tej formie s\u0105 montowane w bardzo wysokiej jako\u015bci kinach domowych, re\u017cyserkach studyjnych i masteringowych. Ca\u0142kowita grubo\u015b\u0107 podkonstrukcji , zastosowanej na niej we\u0142ny mineralnej oraz szczeliny pomi\u0119dzy panelami zale\u017cy od projektu akustycznego konkretnego pomieszczenia.<\/li>\n<\/ul>\n<p>Znajduje swoje zastosowanie m.in. na tylnej lub przedniej \u015bcianie pomieszczenia ods\u0142uchowego.<\/p>\n<p>Panele dyfuzyjne s\u0105 najbardziej skuteczne w miejscach pierwszych odbi\u0107, szczeg\u00f3lnie tam, gdzie k\u0105t padania fali d\u017awi\u0119kowej jest najmniejszy.<\/p>\n<p><b>Jest to projekt atrakcyjny nie tylko akustycznie, ale i wizualnie.\u00a0<\/b><b>Efektownie prezentuje si\u0119 na \u015bcianie. Dodaje oryginalnego uroku pomieszczeniom i przynosi znacz\u0105c\u0105 popraw\u0119 akustyczn\u0105 &#8211; wi\u0119cej przyjemno\u015bci z ods\u0142uchu muzyki.<\/b><\/p>\n","protected":false},"excerpt":{"rendered":"<p><b>Specyfikacja:<\/b><\/p>\n<ul>\n<li>Zestaw 8 szt. dyfuzor\u00f3w Schroedera 1D N7 (projekt uproszczony o brak przegr\u00f3d pomi\u0119dzy studniami)<\/li>\n<li>Zakres rozpraszania: 614- 4300 Hz.<\/li>\n<li>Podstawa wykonana ze sklejki bukowej 1 klasy o grubo\u015bci 12 mm.<\/li>\n<li>Listwy z\u00a0<b>litego, bezs\u0119cznego, heblowanego i szlifowanego drewna bukowego lub d\u0119bowego<\/b><\/li>\n<li>Wszystkie elementy 2-krotnie olejowane wysokiej klasy preparatem do konserwacji i wyka\u0144czania drewna.<\/li>\n<li>Mo\u017cliwo\u015b\u0107 wybarwienia np. w odcieniach br\u0105zu lub czerni (matowe wyko\u0144czenie do kin domowych)<\/li>\n<li>Monta\u017c na szynie meblowej lub ko\u0142kach<\/li>\n<li>Rozmiar 1 szt.: 1000 x 280 x 52 mm lub 1000 x 280 x 92 mm<\/li>\n<li>Waga 1 szt.: ok. 7 kg lub 13 kg<\/li>\n<li><b>Cena za 8 szt. o grubo\u015bci\u00a0 52 mm lub 8 szt. o grubo\u015bci 92 mm<\/b><\/li>\n<\/ul>\n","protected":false},"featured_media":973,"comment_status":"open","ping_status":"closed","template":"","meta":[],"product_brand":[],"product_cat":[19],"product_tag":[],"class_list":{"0":"post-873","1":"product","2":"type-product","3":"status-publish","4":"has-post-thumbnail","6":"product_cat-dyfuzory-akustyczne","8":"first","9":"instock","10":"shipping-taxable","11":"purchasable","12":"product-type-variable"},"_links":{"self":[{"href":"https:\/\/sevenaudio.eu\/index.php?rest_route=\/wp\/v2\/product\/873","targetHints":{"allow":["GET"]}}],"collection":[{"href":"https:\/\/sevenaudio.eu\/index.php?rest_route=\/wp\/v2\/product"}],"about":[{"href":"https:\/\/sevenaudio.eu\/index.php?rest_route=\/wp\/v2\/types\/product"}],"replies":[{"embeddable":true,"href":"https:\/\/sevenaudio.eu\/index.php?rest_route=%2Fwp%2Fv2%2Fcomments&post=873"}],"wp:featuredmedia":[{"embeddable":true,"href":"https:\/\/sevenaudio.eu\/index.php?rest_route=\/wp\/v2\/media\/973"}],"wp:attachment":[{"href":"https:\/\/sevenaudio.eu\/index.php?rest_route=%2Fwp%2Fv2%2Fmedia&parent=873"}],"wp:term":[{"taxonomy":"product_brand","embeddable":true,"href":"https:\/\/sevenaudio.eu\/index.php?rest_route=%2Fwp%2Fv2%2Fproduct_brand&post=873"},{"taxonomy":"product_cat","embeddable":true,"href":"https:\/\/sevenaudio.eu\/index.php?rest_route=%2Fwp%2Fv2%2Fproduct_cat&post=873"},{"taxonomy":"product_tag","embeddable":true,"href":"https:\/\/sevenaudio.eu\/index.php?rest_route=%2Fwp%2Fv2%2Fproduct_tag&post=873"}],"curies":[{"name":"wp","href":"https:\/\/api.w.org\/{rel}","templated":true}]}}