{"id":946,"date":"2025-07-01T23:33:28","date_gmt":"2025-07-01T21:33:28","guid":{"rendered":"https:\/\/sevenaudio.eu\/?post_type=product&#038;p=946"},"modified":"2025-09-30T19:15:17","modified_gmt":"2025-09-30T17:15:17","slug":"diffuser-pro-skyline","status":"publish","type":"product","link":"https:\/\/sevenaudio.eu\/?product=diffuser-pro-skyline","title":{"rendered":"Diffuser Pro Skyline"},"content":{"rendered":"<p>Profesjonalny dyfuzor akustyczny Schroedera typu PRD 2D Skyline &#8211; panel rozpraszaj\u0105cy wszechkierunkowo (sferycznie) fale d\u017awi\u0119kowe.<\/p>\n<p>W ca\u0142o\u015bci zbudowany z\u00a0<b>naturalnego, szlifowanego, pi\u0119knego drewna bukowego<\/b>. Naturalnie i estetycznie.<\/p>\n<p>Skyline to typowy panel rozpraszaj\u0105cy, oparty na opatentowanym projekcie Peter&#8217;a D&#8217;Antonio i John&#8217;a H. Konnert.<\/p>\n<p>Znajduje swoje zastosowanie m.in. na tylnej lub przedniej \u015bcianie pomieszczenia ods\u0142uchowego.<\/p>\n<p>Panele dyfuzyjne s\u0105 najbardziej skuteczne w miejscach pierwszych odbi\u0107, szczeg\u00f3lnie tam, gdzie k\u0105t padania fali d\u017awi\u0119kowej jest najmniejszy.<\/p>\n<p>Jest to projekt atrakcyjny nie tylko akustycznie, ale i wizualnie.<\/p>\n","protected":false},"excerpt":{"rendered":"<p><b>Specyfikacja:<\/b><\/p>\n<ul>\n<li><b>Panel rozpraszaj\u0105cy fale d\u017awi\u0119kowe<\/b><\/li>\n<li><b>Solidne wykonanie z litego, szlifowanego, g\u0142adkiego drewna bukowego<\/b><\/li>\n<li><b>Precyzyjne<\/b>\u00a0wykonanie element\u00f3w dyfuzora<\/li>\n<li>Mocowanie kolumn na\u00a0<b>ko\u0142kach<\/b>\u00a0do sklejki &#8211; wyj\u0105tkowa\u00a0<b>trwa\u0142o\u015b\u0107<\/b>\u00a0po\u0142\u0105czenia<\/li>\n<li><b>Otwory monta\u017cowe<\/b>\u00a0do powieszenia p\u0142asko na \u015bcianie<\/li>\n<li>Pe\u0142en zakres rozpraszania:\u00a0<b>782 Hz &#8211; 4300 Hz (50 x 50 x 11,2 cm)\u00a0 lub 489 &#8211; 4300 Hz (50 x 50 x 17,2 cm)<\/b><\/li>\n<li>Ilo\u015b\u0107 kolumn:\u00a0<b>144<\/b><\/li>\n<li>Wymiary studni:<b> 4 x 4 x 10 cm lub<\/b><strong> 4 x 4 x 16 cm (najwi\u0119ksza g\u0142\u0119boko\u015b\u0107)\u00a0<\/strong><\/li>\n<li>Ca\u0142kowite wymiary panelu:\u00a0<b>50 x 50 x 11,2 cm lub 50 x 50 x 17,2 cm<\/b><\/li>\n<li>Waga: ok.\u00a0<b>9 kg \/ 15 kg<\/b><\/li>\n<\/ul>\n","protected":false},"featured_media":969,"comment_status":"open","ping_status":"closed","template":"","meta":[],"product_brand":[],"product_cat":[19],"product_tag":[],"class_list":{"0":"post-946","1":"product","2":"type-product","3":"status-publish","4":"has-post-thumbnail","6":"product_cat-dyfuzory-akustyczne","8":"first","9":"instock","10":"shipping-taxable","11":"purchasable","12":"product-type-variable"},"_links":{"self":[{"href":"https:\/\/sevenaudio.eu\/index.php?rest_route=\/wp\/v2\/product\/946","targetHints":{"allow":["GET"]}}],"collection":[{"href":"https:\/\/sevenaudio.eu\/index.php?rest_route=\/wp\/v2\/product"}],"about":[{"href":"https:\/\/sevenaudio.eu\/index.php?rest_route=\/wp\/v2\/types\/product"}],"replies":[{"embeddable":true,"href":"https:\/\/sevenaudio.eu\/index.php?rest_route=%2Fwp%2Fv2%2Fcomments&post=946"}],"wp:featuredmedia":[{"embeddable":true,"href":"https:\/\/sevenaudio.eu\/index.php?rest_route=\/wp\/v2\/media\/969"}],"wp:attachment":[{"href":"https:\/\/sevenaudio.eu\/index.php?rest_route=%2Fwp%2Fv2%2Fmedia&parent=946"}],"wp:term":[{"taxonomy":"product_brand","embeddable":true,"href":"https:\/\/sevenaudio.eu\/index.php?rest_route=%2Fwp%2Fv2%2Fproduct_brand&post=946"},{"taxonomy":"product_cat","embeddable":true,"href":"https:\/\/sevenaudio.eu\/index.php?rest_route=%2Fwp%2Fv2%2Fproduct_cat&post=946"},{"taxonomy":"product_tag","embeddable":true,"href":"https:\/\/sevenaudio.eu\/index.php?rest_route=%2Fwp%2Fv2%2Fproduct_tag&post=946"}],"curies":[{"name":"wp","href":"https:\/\/api.w.org\/{rel}","templated":true}]}}